+ (0 + 2 - u) composite?
True
Is (-10)/(-15) - (0 - 6771/9) composite?
True
Let y(r) = 2*r**2 - 9*r + 9. Is y(8) prime?
False
Let t be (4/(-12))/((-2)/12). Suppose 4*h - 124 = t*h. Let j = h - 27. Is j composite?
True
Let u(t) = -t**3 + 2*t**2 + 3*t + 1. Let n = 14 - 18. Is u(n) composite?
True
Suppose -4*h = -835 - 1177. Is h prime?
True
Is 1*((2 - -2) + 2313) composite?
True
Let m(p) = 3*p**2 + 7*p - 19. Is m(-13) a prime number?
True
Let i = -85 - -14. Let b = 61 + -209. Let f = i - b. Is f a prime number?
False
Let g = 0 - -2. Suppose -4*t + 113 = -y, 2*t - 145 = -3*t + 5*y. Suppose t = -g*k + 4*k. Is k a prime number?
False
Let i = -53 + 106. Is i composite?
False
Suppose 9*b - 4*b = 0. Let l be 3 - b - 0/2. Let o(k) = 13*k - 2. Is o(l) a prime number?
True
Let a be 4/(-22) + 27/(-33). Is (a - -5)*14 - 3 composite?
False
Suppose -5 = -3*u - 2. Is 162 - (-1 + (u - -3)) a composite number?
True
Suppose 0 = 2*m + u - 0*u - 1185, -5*u - 2377 = -4*m. Suppose m = 4*b - 3. Is b composite?
False
Let o(r) = r**3 + 5*r**2 - 2*r - 7. Let b be o(-5). Suppose -m + 198 = -0*m - 3*h, 3*h - b = 0. Is m a prime number?
False
Let k(d) = -674*d - 1. Is k(-1) composite?
False
Let o be (0/1)/2 + -5. Let v = 1 + o. Is ((-2)/v)/((-1)/(-182)) composite?
True
Suppose 8 = -5*k - 17. Let r(t) = -3*t - 5. Is r(k) a prime number?
False
Let n = 1406 - 819. Is n composite?
False
Suppose 5108 = -95*k + 97*k. Is k composite?
True
Is 7995/9 + (-6)/(-9) a prime number?
False
Suppose -2*n = -0*m + 5*m - 1175, m - 5*n - 262 = 0. Is m a prime number?
False
Suppose -b + 633 = -158. Is b a prime number?
False
Suppose -4*f = 14 + 242. Let b = 119 + f. Suppose 3*d = 5*t + 2*d - 80, -b = -4*t - d. Is t a prime number?
False
Let u = -19 - -8. Let i = 110 - u. Is i a prime number?
False
Suppose -4*o - n + 172 = 0, 4*o = -o - 4*n + 226. Suppose -5*f + 213 + o = 0. Is f composite?
True
Let l(y) be the third derivative of -49*y**4/8 + y**3/3 - 4*y**2. Is l(-1) a prime number?
True
Let d(g) = -g**3 - 13*g**2 + 4*g + 17. Is d(-15) prime?
False
Is -4 + 2 + 56 - 1 a composite number?
False
Let j(m) = m**3 - 4*m**2 + 3. Let u be j(4). Is (25 - u - 0) + 1 prime?
True
Let s = 252 - 366. Let l = s - -323. Is l a prime number?
False
Let x(p) = -14*p**2 + 18*p - 7. Let m(h) = 5*h**2 - 6*h + 2. Let q(w) = 11*m(w) + 4*x(w). Let u be q(6). Is u/(-3) + 15 + 2 a composite number?
False
Let k = -14 + 14. Suppose 2*b + 21 - 259 = k. Is b composite?
True
Suppose -4*b + 11 = -1. Suppose 3*l = 3*d + 345, 0 = -5*l + b*d - d + 590. Suppose l = 2*j + 50. Is j a composite number?
True
Is 27/(-9)*161/(-3) composite?
True
Suppose r - 111 = -2*h, -3*r + 2*h - 5*h = -348. Is r a prime number?
False
Let b be (1 - 4) + (3 - 0). Suppose b = -0*l - 5*l + 75. Is l a composite number?
True
Let r(n) = 2*n**2 - 2*n + 1691. Is r(0) a prime number?
False
Let o = 1 + -93. Is o*(35/(-4))/7 a prime number?
False
Suppose 0 = 2*v - k - 1230, 0 = -v - k - k + 610. Is v prime?
False
Suppose 2*f - 10 = 0, -4*f - 2249 = -2*k - 7*f. Is k/5 - 16/40 prime?
True
Let t be 0 - 1 - 134/(-2). Is (2/(-3))/((-4)/t) composite?
False
Let c be ((-38)/(-4))/((-2)/(-8)). Let i = -5 + 5. Suppose i = 4*f - f - 2*h - c, 0 = -f - h + 6. Is f a prime number?
False
Let y = -7 + 11. Suppose y + 9 = u. Is u a composite number?
False
Let u(d) = 30*d + 11. Let p be u(8). Is 0/((-3)/3) + p a prime number?
True
Let i be (18/(-2))/1 - -2. Is 854/i*7/(-2) a prime number?
False
Suppose -10 = -2*g + 7*g, -3*y - g + 958 = 0. Let z = -171 + y. Is z composite?
False
Let y(k) = -16*k + 9. Let p = -5 - 0. Is y(p) composite?
False
Let j(h) = -41*h**2 + 4*h - 40. Let o(s) = 8*s**2 - s + 8. Let k(m) = 2*j(m) + 11*o(m). Is k(-13) a prime number?
True
Let w = 76 + 45. Is w composite?
True
Suppose 3*d = -0*d. Suppose -4*r - 2 = -6, d = -i + r + 29. Suppose -4*f = -5*g - i, 3*f - 4*g = f + 12. Is f prime?
False
Let z(o) = o. Let b be z(4). Let t(l) be the third derivative of l**4/12 - 2*l**3/3 - 7*l**2 + 6. Is t(b) composite?
True
Suppose 1987 = -c + 2*c. Is c a composite number?
False
Let n(t) = t**3 + 5*t**2 - 9*t - 4. Suppose 4*o + 17 + 7 = 0. Is n(o) prime?
False
Let n = 195 + 54. Is n composite?
True
Suppose -5*k + 1975 = -2*b, -3*k = -0*k - b - 1184. Is k a composite number?
True
Suppose 0 = 4*t + 3*f - 159 - 55, -4*f + 212 = 4*t. Is t prime?
False
Suppose -2*t - 5*g = -13 - 7, 0 = 2*t - 5*g + 20. Suppose l - 61 = -t*l. Let v = l - -4. Is v prime?
False
Let d(g) = 55*g**2 - g + 1. Is d(1) a composite number?
True
Let x = -3 - -13. Let g be 14/3 + (-1)/(-3). Suppose -5*u + x - 59 = -2*t, g*u = -5*t + 210. Is t composite?
False
Let h(s) = s**2 - 6*s - 5. Let w be h(7). Suppose 5*d - 2*y = -10, 0*d - 5*d - 10 = 3*y. Is (w/d)/((-1)/127) prime?
True
Let h(d) = -32*d - 15. Let g be h(-6). Let f = g - -44. Is f a composite number?
True
Let c(x) = -x**2 - x + 1. Let q(h) = 6*h**2 + h - 7. Let g(r) = 5*c(r) + q(r). Let k be g(4). Is (-1)/(k/92) - -1 a prime number?
True
Is (267/(-12))/(2/(-8)) a prime number?
True
Let y(z) = -33*z + 11. Let t(m) = -34*m + 11. Let u(k) = 6*t(k) - 5*y(k). Is u(-8) a composite number?
True
Suppose 41*q = 36*q + 280. Let m = -2 - -1. Is (2 - m - 6) + q a composite number?
False
Let w = 6872 + -265. Is w a prime number?
True
Is (-40)/30 + 6955/3 a prime number?
False
Let v be 2 - 1/(-2)*-4. Suppose -3*g + g + 10 = v. Suppose -30 = -g*a + 45. Is a a prime number?
False
Let p(m) = m - 3. Let q be p(5). Suppose -q*c - 2*g + 527 - 1429 = 0, 917 = -2*c - 5*g. Is c*1*1/(-2) a composite number?
False
Suppose b = -5*k + 27, 5 = 5*k - 4*k. Suppose b*s - 4*n = 186, 3*s + 0*n - 284 = n. Is s a prime number?
False
Let z(x) = -6*x**3 + x + 1. Let v be z(-1). Suppose -v*l = -5*l - 129. Is l composite?
True
Suppose -4 = 4*a, l - 425 = 2*a - 95. Let p be l/(-11) - (-2)/(-11). Let g = p - -152. Is g prime?
False
Let t be -1 + 2 - (-15)/3. Suppose -s + 1 = -t. Is s a composite number?
False
Suppose m + 2*m = 57. Is m a prime number?
True
Suppose 0 = -0*j + 2*j - 826. Is j a prime number?
False
Suppose -3*o + 3*t = -o - 83, 5*o - 3*t - 194 = 0. Suppose -b + 151 = 5*a - o, a + 5*b = 52. Is a a prime number?
True
Is 53/(4*(-3)/(-12)) a composite number?
False
Let p = 763 - 456. Is p composite?
False
Is 1/(-3) - 9500/(-15) prime?
False
Let c = 1095 + -769. Is c prime?
False
Is 1316 + 9/((-9)/(-2)) a composite number?
True
Let x(g) = 4*g**2 - 2*g - 5. Let k(p) = -5*p**2 - 8*p - 13*p**3 + 14*p**3 + 3*p. Let o be k(6). Is x(o) a composite number?
False
Let k(b) = 0*b + 1 + 9*b - 8*b. Suppose 2*c + 2*c = 24. Is k(c) a prime number?
True
Suppose -2*u + 6*u + 12 = 0, 3*f - 477 = -2*u. Is f composite?
True
Let o be (-4)/(3/30*2). Let c = o - -53. Is c a composite number?
True
Let q(g) = -g**3 - 5*g**2 + 6*g + 2. Let k be q(-6). Let z be -1*k/(-2) + 2. Is 25 + 0 - (z + -1) a composite number?
False
Suppose l = 1 + 1. Is 1/l*(134 - -4) a composite number?
True
Suppose 3*x - 2*q + q - 172 = 0, 2*x - 143 = -5*q. Is x prime?
True
Suppose 0*n - n = 3. Is n/(1*3/(-21)) composite?
True
Let w = 17 + -7. Let p = -7 + w. Is -134*(p/(-6) + 0) composite?
False
Let c = 2964 + -1649. Suppose 0*p = -5*p + c. Is p a prime number?
True
Let x(o) = -o**3 - 5*o**2 - 2*o - 1. Let l be x(-5). Let s = -5 + l. Is s prime?
False
Suppose 5*p = 7 + 13. Suppose 0 = 4*x - 2*q - 4, p*x - 5*x = 2*q - 11. Is x a composite number?
False
Suppose 0 = 29*a - 32*a + 327. Is a a composite number?
False
Let j = 3 + -3. Suppose j = 4*g - 2*g - 14. Suppose -g*o + 105 = -2*o. Is o a prime number?
False
Suppose 5*h = 3*h - 10. Let k(x) = -x**3 - 4*x**2 + 4*x - 3. Let j be k(h). Suppose 4*i + 194 = j*b, -4*b - 4*i = b - 471. Is b a composite number?
True
Let s(d) be the third derivative of d**8/3360 + d**7/2520 - d**6/144 + 7*d**5/120 + d**4/24 - d**2. Let q(o) be the second derivative of s(o). Is q(5) prime?
True
Let m = 26 + -21. Suppose -m*t - d + 3*d = -4203, 0 = 4*t - d - 3360. Is t a composite number?
False
Let z(k) = -8*k**3 - 2*k**2 - 10*k - 6. Is z(-4) composite?
True
Suppose 126 = q + 3*l - 577, 0 = -l. Is q a prime number?
False
Suppose 4 = 5*b - 36. Let n(w) = -5 - 10*w - b - w + 3. Is n(-9) prime?
True
Let b be (-6)/(-4) - (-6)/4. Suppose -b*t + 974 = -t. Is t a prime number?
True
Let y be 2/(-5) - 27/(